0. Let i be (1 + h)/(10 + (-7 - 2)). Calculate l(i).
16
Suppose 0 = -5621*v + 5620*v + 2. Let r(p) be the first derivative of -v*p + 29 - 4/3*p**3 + 5/2*p**2 - 1/4*p**4. Give r(-5).
-2
Let s(u) be the third derivative of u**4/12 - u**3/6 + 2*u**2. Let j(k) = 11*k - 75 + k**2 - 11*k - 7*k + 0*k. Let h be j(-6). Give s(h).
5
Let b(n) = 30*n**2 - n**2 - 9*n**2 - 12*n**2 + 7 - 6*n - 7*n**2. Give b(5).
2
Suppose 4*c + 38 = 5*y, 5*c + 31 = -y - y. Let l(d) = -3*d**2 - 6799*d - 2 + 6791*d + 2*d**2 - 2. Determine l(c).
3
Let n(i) = i**2 - 67*i + 359. Let a be n(6). Let d(f) = 26*f + 185. Give d(a).
3
Let b(i) = -16*i + 4*i - 68 + 28 + 9*i + 7*i. Calculate b(19).
36
Let j(r) = -5*r**2 + 9*r - 2. Let a(m) = -2*m**2 + 4*m - 1. Let l = -425 - -418. Let p(v) = l*a(v) + 3*j(v). Give p(-3).
-5
Let a be 5 + 1 - (-39 - -38). Suppose -12*k + o = -a*k + 38, -4*o = -12. Let v(f) = -2*f - 9. Calculate v(k).
5
Let r(k) be the third derivative of -k**6/120 - k**5/5 - 13*k**4/12 - 7*k**3/3 + 4*k**2 + k + 10. Calculate r(-10).
46
Let f(a) = 2*a**3 + 16*a**2 + 8*a - 18. Suppose -w - 56 = -9*w. Let s(j) = j**3 + 8*j**2 + 4*j - 9. Let z(g) = w*s(g) - 4*f(g). Determine z(-7).
-12
Let p(j) be the third derivative of 3/2*j**3 + 0*j - 2*j**2 - 1/3*j**4 + 1/60*j**5 + 0. Let b(t) = 3*t**2 + 73*t + 297. Let z be b(-5). What is p(z)?
2
Let r(k) be the third derivative of 1/30*k**5 + 0*k - 5/24*k**4 - 6 + 1/3*k**3 - 3*k**2. Calculate r(3).
5
Let l be (-12)/(-30)*(-2 + 12). Let j be 4 + l - (2 + -2). Let w(i) = 2*i - 3. What is w(j)?
13
Let u(s) be the first derivative of s**7/70 + s**6/360 - s**5/120 + 61*s**3/3 - s**2/2 - 19. Let k(z) be the third derivative of u(z). Determine k(1).
12
Let j(p) = -2*p**3 - 267*p - 264*p - 4 + 781*p - 7*p**2 - 259*p. Determine j(-3).
14
Let v be 0*(((-3248)/32)/(-29))/(7 + 0). Let k(z) = z**3 - 2*z**2 + 2*z - 69. Calculate k(v).
-69
Let t(x) be the second derivative of -x**4/12 + 11*x**3/6 + 83*x**2/2 + 730*x - 2. Determine t(16).
3
Let o(p) = 19*p - 22. Let i(v) = 28*v - 35. Let k(a) = 5*i(a) - 8*o(a). Let q = -3 + 1. Let b be (q/(-4))/(12/24). Determine k(b).
-11
Let m(i) = 11*i**2 - 52*i + 4. Suppose -48*l + 653 = 413. Determine m(l).
19
Suppose 0 = -4*v + 89 + 123. Let s(t) = -t - t + 46 - v + t**2 + 10*t. What is s(-9)?
2
Let s(n) = -2887 - 36*n - 2851 + 11155 - 2746 - 2849. What is s(-5)?
2
Let d(m) = 831 - 1688 + m + 836. Let i(y) = y**2 - 7*y - 8. Let p be i(9). Calculate d(p).
-11
Let v(c) = -3*c**2 - 177*c + 3322. Let o be v(15). Let x(f) be the third derivative of -f**6/120 - 2*f**5/15 - 5*f**4/24 + f**3/6 + f**2. Calculate x(o).
41
Let m(f) = f**3 - 6*f**2 - 2*f + 13. Let u be m(6). Let c(s) = 3*s**2 - 5*s**3 - 9*s**3 - u + 15*s**3 + 0*s**2 - 6*s. What is c(-4)?
7
Suppose -1052 = 103*z - 22. Let j(i) = 4*i + 35. Give j(z).
-5
Let h(j) be the first derivative of j**2/2 - j + 2837. Determine h(-10).
-11
Suppose 0 = -27*p + 1506 - 561. Let o(z) = 3 + 8*z + p*z - 55*z. Give o(4).
-45
Let z(h) be the second derivative of -h**4/12 - 7*h**3/6 - 10*h**2 + 2009*h. Calculate z(-5).
-10
Let g(o) = -9*o**3 - 15*o**2 + 4*o - 7. Let k(q) = -5*q**3 - 3*q**2 + 2*q. Let f(w) = -g(w) + 2*k(w). Determine f(8).
71
Let n(a) = a - 10. Let u be 6/9 + (-6)/9 - -17. Suppose 21*x - u*x - 52 = 0. Give n(x).
3
Let t(c) = -c**3 + 4*c**2 + 2*c - 4. Let x(u) = -u**3 + 4*u**2 + 3*u - 5. Let p be 1*2*(-8)/4. Let h(s) = p*t(s) + 3*x(s). Give h(3).
-5
Let j be (-864)/(-48) - 4*4. Let q(s) = -1 + 2*s**2 + 0*s**2 + 3*s + 3*s**2. What is q(j)?
25
Let t(s) be the second derivative of -s**5/20 - s**4 - 2*s**3 - 4*s**2 + 2*s. Let a be -15*6/540*66. What is t(a)?
3
Let m(n) = -1755*n - 1770*n - 1760*n + 15 + 5266*n. Determine m(3).
-42
Suppose 16*u - 4*u + 2 = -34. Let n(h) = 3*h**3 + 3*h - 1. Calculate n(u).
-91
Let a(u) be the third derivative of -u**5/60 + 7*u**4/12 - u**3 - 473*u**2. Let m(v) = -4*v - 40. Let i be m(-13). Give a(i).
18
Suppose -4*w + 2*w + 52 = 0. Let f = 2345 - 2319. Let s = w - f. Let d(l) = -l**3 - l**2 + l + 1. Give d(s).
1
Let m(a) be the second derivative of -5*a**3/2 - 317*a**2/2 + 11152*a. Calculate m(-21).
-2
Let h(i) = i + 15. Suppose -3*q + 36 = -21*q. Let b = q + -5. Give h(b).
8
Let n(z) be the first derivative of z**4/4 + 3*z**3 - 13*z**2/2 - 10*z - 901. Suppose 5*f + 60 = -f. What is n(f)?
20
Let h(f) = -145*f**2 - 29 + 48*f**2 - 6*f + 44*f**2 + 54*f**2. What is h(10)?
11
Let g(b) = -65*b + 15*b**2 + 10 + 32*b - 9 + 34*b. Give g(-1).
15
Suppose 0 = 89*r + 380 + 65. Let y(c) = c**3 + 5*c**2 - 9*c - 40. Determine y(r).
5
Suppose -3*p - 146 = -s, 0*p + 70 = -p - 5*s. Let t = p + 32. Let k be (-1 + (-6)/(-9))/((-2)/t). Let x(d) = d**3 + d**2 - 3*d + 1. Determine x(k).
-8
Let m(v) be the first derivative of v**7/840 - v**6/60 - v**4/24 + 2*v**3/3 - 24*v - 56. Let q(n) be the third derivative of m(n). Calculate q(6).
-1
Let s(y) = -432*y + 3459. Let d be s(8). Let a(x) be the first derivative of 2*x + 1/2*x**2 - 1/3*x**d - 9. Calculate a(3).
-4
Let g(p) = 2*p**2 + 7*p - 1. Let m(u) = -2*u**2 - 6*u. Let l(r) = 3*g(r) + 2*m(r). Let i(n) = 1988*n - 23863. Let d be i(12). Calculate l(d).
32
Suppose 0 = p - 3*t - 9 + 6, 2*t + 4 = 0. Let u(l) = -l**2 + 6*l + 10. Determine u(p).
-17
Let l(g) = -g**2 - g - 1. Let a(r) be the second derivative of -2/3*r**3 - 1/3*r**4 + 2/5*r**5 + 5*r + 0 - 5/2*r**2. Let b(d) = a(d) - 6*l(d). Determine b(-1).
-7
Let z(n) = n - 2. Suppose -4 = 2*u + b + 3*b, 5*u = -4*b + 2. Suppose u*h + 3 = 5*h. Suppose -5*w + 7 = -3*i + h, 0 = 2*w - 2*i. Determine z(w).
1
Let o(z) = z - 5. Let w be (27/6)/(6/8). Let u be o(w). Let j(h) = -11*h**2 - 3*h - 40. Let x(r) = 12*r**2 + 4*r + 60. Let k(g) = 3*j(g) + 2*x(g). Give k(u).
-10
Suppose -20*o + 54*o = 14*o - 280. Let w(k) = k**3 + 13*k**2 - 14*k - 3. Give w(o).
-3
Suppose -2*m - 15 + 23 = -4*l, m + 3 = -5*l. Let a(h) = -5*h - 10. Let f(w) = -1. Let i(j) = -a(j) + 15*f(j). Determine i(m).
5
Let h be 900/108 - ((-2)/3 + 1). Let i(a) = a**3 - 33*a**2 - h*a - 8 - 34*a**2 + 73*a**2. Give i(-7).
-1
Let y be (136/24 - 6)/((-2)/174). Suppose -y = -4*d - j, 11*d + j - 36 = 6*d. Let t(l) = -l**2 + 8*l - 9. Give t(d).
-2
Let b(s) = -s**3 + 11*s**2 + 12*s + 10. Let v be b(12). Let j(c) = -v*c - 22 + 9*c + 31. Calculate j(3).
6
Suppose 985 = -i + 994. Let u(g) = -2*g - i + 15*g - 5*g - 3*g - 3*g. Give u(9).
9
Let b = -78 + 85. Let r(v) = -827 + v**2 - 10*v + 824 + 0*v**2. Determine r(b).
-24
Let q be (0 - -1) + 1241/(-292) + (-1)/(-4). Let c(b) = -15*b + 11. Let a(h) = 5*h - 4. Let n(v) = -8*a(v) - 3*c(v). What is n(q)?
-16
Let c(u) = -2*u - 3. Let d(h) = 28*h - 639. Let b be d(23). Give c(b).
-13
Let x(s) be the third derivative of s**5/60 + 11*s**4/12 - 19*s**3/6 - 35*s**2 + s + 1. Give x(-24).
29
Let t(k) = -47*k**3 + 3*k**2 + 9*k + 6. Let y(w) = w**2 + 7*w - 40. Let l be y(4). Let i(o) = -17*o**3 + o**2 + 3*o + 2. Let f(h) = l*t(h) - 11*i(h). Give f(4).
-34
Let r(b) = 25*b - 561. Let c be r(23). Let f(v) = -2*v + 4. What is f(c)?
-24
Let q = 201 - 204. Let w(a) = -5 - a - 1 + 2 + 5. Let h(r) = -3*r + 2. Let v(z) = 3*h(z) - 5*w(z). Calculate v(q).
13
Let l(x) = -x**3 + x**2 + 2*x - 2. Let k(g) = -375*g**3 + 122*g**3 + 129*g**3 - 6 + 6*g**2 + 122*g**3 + 7*g. Let t(h) = k(h) - 3*l(h). Give t(-2).
2
Let m(d) be the second derivative of d**7/840 + d**6/60 + d**5/60 - d**4/24 - 74*d**3/3 + 2*d - 10. Let r(t) be the second derivative of m(t). Calculate r(-6).
-13
Let x(o) = -14*o**3 + 31*o**2 + 43*o + 53. Let s(u) = 16*u**3 - 31*u**2 - 48*u - 55. Let l(k) = 6*s(k) + 7*x(k). Calculate l(16).
-7
Let u = 53 + -17. Suppose 6*w = -74 - 124. Let j = u + w. Let p(a) = a**3 - 2*a**2 - 2*a + 1. What is p(j)?
4
Let x(l) be the second derivative of l**4/2 + l**3/6 - 8*l. Let z(y) = y**3 - 7*y**2 + 7*y - 1. Let u be z(7). Let b = -49 + u. Calculate x(b).
5
Let m(k) be the second derivative of 3*k**5/10 - k**4/6 - k**3/6 - k. Suppose 2907 - 2877 = -30*j. Determine m(j).
-7
Let g be (2 + 1)/(2/5*130/(-52)). Let a(c) be the second derivative of 0 - 1/2*c**3 - 4*c - 1/12*c**4 + 3/2*c**2. Give a(g).
3
Suppose 68*u - 833 = 96 + 159. Let g(z) = -z**2 + 17*z - 15. What is g(u)?
1
Let a = 3774 - 3774. Let s(z) be the third derivative of 1/24*z**4 + 0 + a*z - 1/3*z**3 + 10*z**2. What is s(6)?
4
Let h(i) = -i**3 - 14*i*